me?
False
Suppose 964 - 31 = v + 4*d, d = 4*v - 3664. Suppose 2*r = 2*a - 1392, 5*r = 2*a - 460 - v. Is a composite?
False
Let s = -28 + 30. Let l be (((-2175)/20)/5)/(s/(-48)). Let y = 2383 - l. Is y a composite number?
False
Suppose 0 = 3*p - 2*p - 3*b - 15482, -5*p - 4*b + 77391 = 0. Is p a composite number?
True
Suppose -3*l + 8*l = -270. Suppose 3*y + 754 = 259. Let o = l - y. Is o a composite number?
True
Is 12/26 + (10/35 - 375981359/(-1183)) prime?
False
Suppose -22*a + 246908 = 2*j - 25*a, -4*j + 493798 = 3*a. Is j a prime number?
False
Suppose z = -p + 437213, 0 = 5*z + 4*p + 215443 - 2401514. Is z a prime number?
True
Let p(a) = 338*a**2 + 200*a + 3696. Is p(-17) prime?
False
Suppose -238962600 = -387*k + 110026915 + 647406614. Is k prime?
False
Suppose -13*h = -64 - 53. Suppose 5*l - h*l + 10721 = 3*v, -3*v = -l - 10741. Is v a prime number?
False
Suppose -5*l - 158323 = -3*o, 2*o + 104*l - 99*l - 105532 = 0. Is o a composite number?
True
Let w(b) = -91*b**3 + 27*b**2 + 36*b + 187. Is w(-12) a prime number?
False
Let l be (-4)/(14/8*(-30)/(-105)). Let r(o) = 11*o**2 + 9*o + 69. Is r(l) prime?
True
Let k = -373 - -383. Let b(i) = 167*i**2 - 24*i + 211. Is b(k) composite?
True
Suppose -3*d + 2417 = -5*v - 64973, 5*d + 2*v - 112358 = 0. Suppose -2*y - d = -7*y + 5*l, 2*y - 3*l = 8983. Is y prime?
False
Let s(c) be the first derivative of c**3/3 - 9*c**2/2 + 12*c + 30. Let j be s(3). Is 18560/44 + j/(-33) a prime number?
False
Let j(u) = 22*u**2 + 3*u + 2. Let r = 5 - -11. Suppose 9 = -d - 2*m, -5*m - r + 1 = -5*d. Is j(d) a prime number?
False
Suppose 0 = 167*d - 1283286 + 123137. Is d prime?
True
Let h be -7*(-20)/350 + (-8)/(-5). Suppose h*z - 3*i = z + 5773, -5*z = -2*i - 28891. Is z a composite number?
False
Let d = 191 + -181. Suppose 0 = -i + 5*w + 2788, d*i - 4*w = 6*i + 11232. Is i a composite number?
True
Is (8115530/(-8))/(-26 - (-4653)/188) prime?
True
Suppose 91*b - 6993 = 86*b - d, 0 = -4*b - 2*d + 5598. Let n be -1*2/((-2)/(-763)). Let x = n + b. Is x a composite number?
True
Let c(h) = -1547*h**3 + 2*h**2 + 2*h - 4. Let a be c(2). Let k be ((-15)/10)/(6/a). Suppose -8*v + k + 164 = 0. Is v composite?
True
Suppose 11*o = -4*o + 360. Let a(u) = 191*u - 277. Is a(o) composite?
True
Let h = 538 - 3409. Let w = h + 5266. Is w a prime number?
False
Let q(u) = -69 - 55*u + 25*u + 23*u - 97*u. Is q(-18) a prime number?
False
Let b(m) = -m**3 - 16*m**2 - 19*m - 51. Let u be b(-15). Suppose -u = 3*r - y - 3305, 2*y = 3*r - 3301. Is r a prime number?
True
Suppose -4*c + 0 = -4. Suppose 0*v + v = c. Is (v - -5)*105/45 composite?
True
Suppose 261442 = 2*c - 3*k, 479*c - k = 481*c - 261474. Is c a composite number?
True
Is (-1)/(13/193388*-4) prime?
True
Let p = 84 + -80. Suppose 0*h + a = p*h - 1528, -a = -3*h + 1146. Is h a composite number?
True
Suppose -5*a + 27672 = -2*y + 3265, -2*a + y = -9762. Let w = 8932 - a. Is w a composite number?
False
Let j(f) = -f**2 - 6*f + 11. Suppose 0*h - h - 23 = 3*m, h + 2 = 0. Let z be j(m). Suppose 297 = z*a + 21. Is a prime?
False
Suppose -u - 37*x = -33*x - 65919, -3*x - 197802 = -3*u. Is u composite?
True
Let p(w) = -27*w**2 + 87*w + 12. Let h be p(18). Let g = 2207 - h. Is g composite?
False
Is (-2)/(86/1316 - 83/1162) prime?
False
Let p(z) = z**3 + 14*z**2 - 35*z - 36. Let n be p(-16). Let a(i) = -42*i + 8. Let f be a(7). Let l = n - f. Is l a composite number?
True
Let y be (-134)/(-6) + 7 + 2/3. Suppose -y*o + 10507 + 10523 = 0. Is o prime?
True
Let x = 117553 - 69504. Is x a prime number?
True
Suppose 71*k - 73*k = -f + 11779, -5*f + 58930 = -3*k. Is f a composite number?
False
Let b(i) = -i**2 + 92*i - 590. Is b(49) a prime number?
False
Is (-28 + 27)*(2 + -2 + -28277) composite?
False
Suppose -28*q + 231432 = -736724. Is q a composite number?
True
Let i = -12071 - -32193. Is i a prime number?
False
Let q = -101013 + 532715. Is q a composite number?
True
Let j(r) = -r**3 + 6*r**2 + 11*r - 23. Let m be j(7). Suppose -4*w = -o - 11, -5*w + o + 18 = m. Suppose 10*n - 8868 = -w*n. Is n a prime number?
True
Let p be (-123 - -2)*(-10 + -79) + 5. Let i = p - 2429. Is i a composite number?
True
Let a(u) = -5*u + 75. Let g be a(15). Suppose -w + 10364 - 3585 = g. Is w a prime number?
True
Let m = 115 + -111. Let l(q) = 3*q**3 - 2*q**2 + 2*q - 10. Is l(m) a prime number?
False
Suppose -5*v - u + 856416 = 0, 370*v - 366*v = -3*u + 685135. Is v prime?
False
Let l = -228 - -351. Is (-12956)/(-3) - (-41)/l prime?
False
Suppose -12117 = -10*c + 79893. Is c composite?
True
Let p(d) = -16*d - 53. Let g(i) = 34*i + 106. Let f(q) = -6*g(q) - 13*p(q). Let z be f(-12). Suppose a + 2*b - 1305 = -384, 4649 = z*a - b. Is a a prime number?
True
Let o(g) = 5*g - 30. Let u be o(10). Suppose -19*x + u = -17*x. Let r(p) = p**3 - 2*p**2 - 13*p + 15. Is r(x) a prime number?
False
Suppose -6*f + 9191340 = -85*f + 61328417. Is f prime?
True
Suppose 0 = o + 2*u + 3, 9 = -3*o + 4*o - u. Suppose 0 = -o*m - d - 3777, -5*m - 3795 = -3*d - 2*d. Let f = 2465 + m. Is f a composite number?
False
Let y(o) = -o**2 - 23*o + 61. Let t be y(-20). Suppose 0 = -z + 6766 + t. Is z a composite number?
True
Let w(y) = -1 + y - 4 + 3*y**2 + 4 + 2*y**3 + 2*y**2. Suppose 0*h + h - 3 = -k, 0 = 2*k - 5*h - 13. Is w(k) composite?
False
Let c be (6 + (-55)/10)/((-2)/(-20)). Suppose -3*h + c*h = 10294. Is h a prime number?
True
Suppose -1338179 = 6*t - 6308621. Is t a composite number?
False
Let w(p) = -p**3 - p**2 + 4. Let n be w(0). Suppose -n*a + 2670 = 738. Suppose -a = -2*m - 5*q, -m + 6*m - 1236 = -3*q. Is m a prime number?
False
Let f = 16713 - -7174. Is f a prime number?
True
Let t be (4 + 6950)*9/6. Let d = 24274 - t. Is d a composite number?
True
Let o = 67329 + -38578. Is o composite?
False
Suppose 9*m - 272 = -3*i + 4*m, 5*i = -m + 490. Is 5 - i/9 - -20285 prime?
False
Suppose -15*v + 482657 = -131578. Is v composite?
False
Is (2 + -6)/((-756)/82804491) a composite number?
True
Let o = 788 + -471. Let k = 568 - o. Is k a composite number?
False
Let i(o) be the first derivative of o**4/4 - o**3 - 5*o**2 + 2*o - 4. Let f be i(5). Suppose 3*p - 1417 = 4*q, f*p + 2*q - 1039 + 71 = 0. Is p a prime number?
True
Let x be ((-606720)/(-50) - 4) + (-3)/(-5). Suppose r - 5*a - x = 11017, r = a + 23128. Is r a composite number?
True
Is (-1 - -16) + -139 + 1869 prime?
False
Let x be (-4 - -6)*(2 - -1). Suppose x*s - 31 = -1. Is (s/(-3) - -1)/(23/(-13593)) a composite number?
True
Suppose 0 = -27*h + 28*h + 7. Let q be (-49)/h*(-6)/(-14). Let k(c) = 722*c - 13. Is k(q) prime?
True
Let x be 7*(96/(-28) + 4). Suppose 0*c = -x*d + 4*c + 32404, 3*c = -12. Is d a composite number?
True
Suppose 8*v + 620 = 3*v. Let j = -89 - v. Suppose j = -4*u + 239. Is u prime?
False
Let t(d) = d**3 + 7*d**2 - 6*d + 1. Let i be t(8). Suppose 164*n - 173*n + 17244 = 0. Let x = n - i. Is x a prime number?
False
Suppose -10 = 2*t, -6*c + 2*c + 4*t + 292 = 0. Let d = c - 9. Is d a composite number?
False
Suppose l + s + 52 = -57, 0 = 2*l - 4*s + 206. Suppose -2019 = -6*d - 4*v - 55, 3*d - 1002 = 3*v. Let w = l + d. Is w a prime number?
True
Let w = -526966 - -805445. Is w a composite number?
False
Let b = -353799 + 756358. Is b a composite number?
False
Suppose 3*q - 62939 = -5642. Suppose -l + 4*x + q = 0, 4*l - 95620 = -l - 5*x. Is l composite?
True
Let r(m) = 20*m**2 + 2 - 6 - 30*m + 20*m. Is r(-7) a prime number?
False
Suppose 7*q + 281912 = 11*q - 2*v, 5*q - 4*v - 352381 = 0. Is q a composite number?
False
Is ((-34126)/(-4))/((-13)/52 + 3/4) composite?
True
Suppose 91*x - 1188438 = 90*x - v, 5942211 = 5*x + 2*v. Is x prime?
False
Suppose x = o + 424060, 2*x + 5*o - 1010067 = -161954. Is x a composite number?
True
Is -4*19/418 - 509018/(-22) prime?
False
Let r = 413 - 413. Suppose 5*u = r, -m - 5*u = 2465 - 7978. Is m a prime number?
False
Let c = -120 + 116. Is -1*(-2)/8 + (-6643)/c a composite number?
True
Suppose -19*z = -1404 - 1066. Let k = 345 - z. Is k a composite number?
True
Let b be 1*-65303 - (12 + -14). Is (-8)/14 + -4*b/84 composite?
False
Is (3/6)/(8*22/18104768) prime?
False
Let s(w) be the third derivative of -3191*w**4/24 + w**3/2 + 5*w**2. Is s(-2) composite?
True
Suppose 4*m + 29779 = -3*g, 2*g - 4*m + 19448 + 398 = 0. Is -1*(-9)/18 + g/(-2) 